 divide 80975325?
False
Is 13 a factor of 887372499?
True
Does 18 divide 3284946?
True
Is 105042940 a multiple of 20?
True
Is 91656418 a multiple of 238?
True
Is 1067136064 a multiple of 51?
False
Is 406 a factor of 44647414?
True
Is 42 a factor of 295149117?
False
Is 1122780807 a multiple of 7?
False
Is 6038 a factor of 406484198?
True
Is 1844 a factor of 73618113?
False
Does 10 divide 1882732604?
False
Does 7 divide 3135246967?
False
Is 2261 a factor of 1816228927?
False
Is 684 a factor of 114976581?
False
Is 2523575008 a multiple of 1538?
True
Is 58554144 a multiple of 303?
True
Is 93 a factor of 22528413?
True
Is 300948806 a multiple of 2547?
False
Is 968478628 a multiple of 70?
False
Is 9 a factor of 30733794?
True
Is 308 a factor of 1235512124?
True
Is 3693 a factor of 289893114?
True
Is 312 a factor of 1778973768?
True
Is 101 a factor of 1905047?
False
Is 12 a factor of 407820108?
True
Does 41 divide 20013658?
True
Is 31923749 a multiple of 143?
True
Does 54 divide 77710557?
False
Does 2124 divide 13561740?
True
Is 572764400 a multiple of 5200?
True
Is 62175340 a multiple of 1497?
False
Is 94298480 a multiple of 2680?
True
Is 6667176 a multiple of 228?
True
Does 118 divide 144853039?
False
Does 1919 divide 10280101?
False
Is 76848525 a multiple of 13?
True
Does 3 divide 11086851?
True
Is 66749288 a multiple of 356?
True
Is 36330681 a multiple of 109?
True
Does 4 divide 2227343?
False
Does 20 divide 1351507?
False
Is 153 a factor of 302033764?
False
Does 77 divide 10550718?
False
Is 92799910 a multiple of 2029?
False
Is 4409 a factor of 744151492?
False
Is 926615999 a multiple of 2239?
False
Is 6102360 a multiple of 335?
True
Is 189286155 a multiple of 2521?
False
Does 1715 divide 12780180?
True
Is 1759177464 a multiple of 895?
False
Is 254 a factor of 15138047?
False
Is 33 a factor of 384624952?
False
Is 12 a factor of 50890280?
False
Is 146 a factor of 8942048?
False
Does 3178 divide 50849483?
False
Does 1037 divide 35029860?
True
Is 3171141974 a multiple of 91?
True
Is 474759048 a multiple of 6?
True
Is 433396635 a multiple of 6?
False
Is 5556404695 a multiple of 24?
False
Is 74811212 a multiple of 384?
False
Does 2954 divide 22751450?
False
Does 471 divide 2102738523?
True
Does 107 divide 91030571?
True
Does 53 divide 468626?
True
Does 27 divide 1179947439?
True
Is 56907144 a multiple of 549?
True
Is 3391510655 a multiple of 1495?
True
Is 75340220 a multiple of 229?
False
Does 1116 divide 205985105?
False
Does 23 divide 11751389?
False
Does 3 divide 5867236?
False
Is 132 a factor of 36512458?
False
Does 20 divide 59330706?
False
Does 190 divide 10751150?
True
Is 84662020 a multiple of 10?
True
Is 73 a factor of 424083166?
False
Is 585675 a multiple of 14?
False
Is 46241912 a multiple of 27?
False
Does 184 divide 75624?
True
Is 934711872 a multiple of 48?
True
Does 6191 divide 500047070?
True
Does 516 divide 239035637?
False
Does 1945 divide 40824?
False
Does 240 divide 5901120?
True
Does 21 divide 15986015?
False
Does 245 divide 114102625?
True
Is 68 a factor of 703468636?
True
Is 1567 a factor of 4263807?
True
Is 2033 a factor of 3894565?
False
Does 84 divide 680002176?
True
Is 306 a factor of 5449248?
True
Does 33 divide 826741674?
True
Is 189 a factor of 21136059?
True
Is 130 a factor of 3317210?
True
Is 22 a factor of 16920156?
True
Does 183 divide 318412863?
True
Does 69 divide 49845176?
False
Is 2007565937 a multiple of 283?
False
Is 4008018513 a multiple of 511?
False
Is 131 a factor of 64248714?
False
Does 23 divide 11272478?
False
Is 190442739 a multiple of 727?
True
Does 16 divide 2641314263?
False
Is 83569195 a multiple of 85?
True
Is 74324601 a multiple of 873?
True
Does 19 divide 125029336?
False
Is 5053 a factor of 100883207?
False
Does 606 divide 187321206?
False
Does 104 divide 35495424?
False
Is 374 a factor of 13438568?
True
Does 180 divide 235586700?
True
Is 2306 a factor of 84912944?
False
Is 52 a factor of 47259804?
False
Is 11521541 a multiple of 1018?
False
Is 45 a factor of 1494838324?
False
Is 13 a factor of 1175830175?
True
Is 85 a factor of 87406095?
True
Is 10857153 a multiple of 443?
False
Does 126 divide 36430254?
True
Does 743 divide 77870115?
True
Is 2314477804 a multiple of 964?
False
Does 515 divide 68611390?
True
Is 278092026 a multiple of 1083?
False
Is 267 a factor of 29763291?
True
Is 8674 a factor of 1594544047?
False
Is 20123349 a multiple of 244?
False
Does 167 divide 245826403?
False
Does 362 divide 11548162?
True
Does 13 divide 170200415?
False
Is 117 a factor of 53186211?
True
Is 493996826 a multiple of 10605?
False
Is 206 a factor of 10587782?
True
Is 486905476 a multiple of 1996?
False
Does 126 divide 51441768?
True
Does 17 divide 743962279?
True
Does 5 divide 93520981?
False
Is 5 a factor of 16415055?
True
Is 6726918 a multiple of 1362?
True
Is 23 a factor of 48813130?
True
Is 131863131 a multiple of 10?
False
Is 35551850 a multiple of 475?
True
Is 609999390 a multiple of 189?
True
Is 4142082864 a multiple of 109?
False
Is 1015689458 a multiple of 4249?
True
Is 455 a factor of 2541989684?
False
Is 70291027 a multiple of 17?
False
Is 1510 a factor of 109543405?
False
Does 4 divide 24221260?
True
Does 83 divide 571558418?
True
Is 5400438 a multiple of 58?
True
Is 13332110 a multiple of 52?
False
Does 271 divide 65455155?
False
Does 893 divide 104094331?
True
Is 862877652 a multiple of 637?
True
Is 4579593 a multiple of 1085?
False
Is 5830212 a multiple of 16?
False
Is 430628210 a multiple of 76?
False
Does 468 divide 971160372?
True
Is 1043 a factor of 486362026?
False
Is 1348865807 a multiple of 878?
False
Is 23980306 a multiple of 49?
True
Is 1180 a factor of 116456560?
True
Does 1223 divide 19731882?
True
Is 177 a factor of 179148957?
True
Is 278 a factor of 11404116?
True
Is 601509398 a multiple of 614?
True
Is 55 a factor of 1663090?
True
Is 3253769682 a multiple of 5322?
True
Does 23 divide 2317848?
True
Is 152 a factor of 314143689?
False
Is 22 a factor of 78098592?
True
Does 104 divide 67174789?
False
Is 22 a factor of 74946178?
False
Is 2404 a factor of 201058540?
True
Is 70242507 a multiple of 370?
False
Is 268 a factor of 45793696?
True
Does 303 divide 21024867?
True
Is 47 a factor of 388621314?
False
Is 49465816 a multiple of 842?
True
Is 2659556784 a multiple of 16?
True
Is 1213845420 a multiple of 12?
True
Is 33264360 a multiple of 24?
True
Is 17625514 even?
True
Is 796180 a multiple of 242?
True
Is 45014424 a multiple of 6?
True
Does 3679 divide 803136142?
False
Does 99 divide 331796619?
True
Is 380833952 a multiple of 49?
False
Is 6298 a factor of 145956150?
True
Is 20 a factor of 13541878?
False
Is 1745034 a multiple of 23?
False
Is 213755960 a multiple of 7667?
True
Is 1157 a factor of 170255758?
False
Is 67 a factor of 43908555?
False
Is 10 a factor of 10045066?
False
Is 2131258922 a multiple of 6058?
True
Does 102 divide 274908331?
False
Does 2478 divide 125490876?
True
Is 53548294 a multiple of 1551?
False
Is 341690076 a multiple of 2106?
True
Does 40 divide 62186096?
False
Is 19 a factor of 60398568?
True
Is 38091668 a multiple of 62?
False
Is 2880 a factor of 14051520?
True
Is 668459702 a multiple of 101?
False
Is 250 a factor of 2370243066?
False
Is 2309 a factor of 776772999?
True
Is 161 a factor of 82170375?
True
Is 17233415 a multiple of 5?
True
Is 88 a factor of 263994808?
True
Is 87 a factor of 23769009?
True
Does 560 divide 266286160?
True
Is 41842113 a multiple of 175?
False
Is 2772916740 a multiple of 4455?
True
Does 176 divide 84760544?
True
Is 3733515564 a multiple of 10?
False
Is 12 a factor of 30790927?
False
Is 140 a factor of 29692374?
False
Is 5 a factor of 46043527?
False
Is 468199808 a multiple of 7?
False
Does 780 divide 888749940?
True
Is 456284720 a multiple of 24?
False
Is 12 a factor of 111020748?
True
Is 102651984 a multiple of 171?
True
Is 4092 a factor of 159682116?
True
Does 428 divide 29397682?
False
Is 22900330 a multiple of 502?
False
Is 9 a factor of 10754082?
True
Is 31 a factor of 143059482?
True
Is 54867904 a multiple of 231?
False
Does 788 divide 151971316?
True
Is 840379613 a multiple of 11?
False
Does 34 divide 161027532?
False
Is 45 a factor of 53514450?
True
Does 3 divide 314307234?
True
Is 3715764 a multiple of 52?
True
Do